{"id":18,"date":"2013-02-19T19:51:45","date_gmt":"2013-02-19T19:51:45","guid":{"rendered":"http:\/\/gensactowergites.com\/?page_id=18"},"modified":"2018-10-09T20:40:51","modified_gmt":"2018-10-09T20:40:51","slug":"the-accommodation","status":"publish","type":"page","link":"http:\/\/gensactowergites.com\/?page_id=18","title":{"rendered":"Tower Info"},"content":{"rendered":"<p style=\"text-align: center;\">The tower sits on a hillock with a winding path up to the entrance. It has its own access drive and comprises:<\/p>\n<p style=\"text-align: center;\"><strong>Ground floor<\/strong> \u2013 kitchen with sink, 2-ring electric hob, mini-oven, refrigerator, kettle, stairs to\u2026<\/p>\n<p style=\"text-align: center;\"><strong>First floor<\/strong> \u2013 shower room, with shower cubicle, basin, wc, stairs to\u2026<\/p>\n<p style=\"text-align: center;\"><strong>Second floor<\/strong> \u2013 bedroom, double bed, ladder to\u2026rooftop with its spectacular views<\/p>\n<p style=\"text-align: center;\"><strong>Outside<\/strong> &#8211; West-facing terrace with table and chairs, gas barbecue and sun loungers<\/p>\n<p style=\"text-align: center;\">It should be noted that there are steps leading up to the tower and narrow stone staircases within, so this is not suitable for anyone with restricted mobility.<\/p>\n<p style=\"text-align: center;\">For more information or to book, please Contact us<\/p>\n<p>&nbsp;<\/p>\n<p style=\"text-align: center;\"><em>La tour fait partie du terrain des propri\u00e9taires mais b\u00e9n\u00e9ficie de son propre acc\u00e8s.\u00a0 Parking en bas de la tour, acc\u00e8s \u00e0 pied par petit sentier en pente raide.<\/em><em>\u00a0<\/em><\/p>\n<p style=\"text-align: center;\"><em><strong>Rez-de-chauss\u00e9e <\/strong>\u2013 cuisine avec \u00e9vier, 2 plaques \u00e9lectriques, four, frigo, escalier en pierre au\u2026..<\/em><\/p>\n<p style=\"text-align: center;\"><em><strong>1<sup>er<\/sup> \u00e9tage <\/strong>\u2013 salle d\u2019eau avec lavabo, douche, wc, escalier en pierre au\u2026<\/em><\/p>\n<p style=\"text-align: center;\"><em><strong>2eme \u00e9table<\/strong> \u2013 chambre, lit 160cm, \u00e9chelle meunier au\u2026\u2026.toit<\/em><\/p>\n<p style=\"text-align: center;\">\n","protected":false},"excerpt":{"rendered":"<p>The tower sits on a hillock with a winding path up to the entrance. It has its own access drive and comprises: Ground floor \u2013 kitchen with sink, 2-ring electric hob, mini-oven, refrigerator, kettle, stairs to\u2026 First floor \u2013 shower &hellip; <a href=\"http:\/\/gensactowergites.com\/?page_id=18\">Continue reading <span class=\"meta-nav\">&rarr;<\/span><\/a><\/p>\n","protected":false},"author":1,"featured_media":0,"parent":0,"menu_order":2,"comment_status":"closed","ping_status":"closed","template":"sidebar-page.php","meta":{"footnotes":""},"class_list":["post-18","page","type-page","status-publish","hentry"],"_links":{"self":[{"href":"http:\/\/gensactowergites.com\/index.php?rest_route=\/wp\/v2\/pages\/18","targetHints":{"allow":["GET"]}}],"collection":[{"href":"http:\/\/gensactowergites.com\/index.php?rest_route=\/wp\/v2\/pages"}],"about":[{"href":"http:\/\/gensactowergites.com\/index.php?rest_route=\/wp\/v2\/types\/page"}],"author":[{"embeddable":true,"href":"http:\/\/gensactowergites.com\/index.php?rest_route=\/wp\/v2\/users\/1"}],"replies":[{"embeddable":true,"href":"http:\/\/gensactowergites.com\/index.php?rest_route=%2Fwp%2Fv2%2Fcomments&post=18"}],"version-history":[{"count":16,"href":"http:\/\/gensactowergites.com\/index.php?rest_route=\/wp\/v2\/pages\/18\/revisions"}],"predecessor-version":[{"id":151,"href":"http:\/\/gensactowergites.com\/index.php?rest_route=\/wp\/v2\/pages\/18\/revisions\/151"}],"wp:attachment":[{"href":"http:\/\/gensactowergites.com\/index.php?rest_route=%2Fwp%2Fv2%2Fmedia&parent=18"}],"curies":[{"name":"wp","href":"https:\/\/api.w.org\/{rel}","templated":true}]}}